
What is the remainder when 31 is divided by 22?
9
Calculate the remainder when 406 is divided by 10.
6
Calculate the remainder when 173 is divided by 25.
23
What is the remainder when 116 is divided by 70?
46
What is the remainder when 759 is divided by 71?
49
What is the remainder when 281 is divided by 6?
5
Calculate the remainder when 1986 is divided by 153.
150
What is the remainder when 312 is divided by 105?
102
Calculate the remainder when 602 is divided by 595.
7
What is the remainder when 6271 is divided by 98?
97
Calculate the remainder when 1062 is divided by 16.
6
What is the remainder when 91 is divided by 49?
42
Calculate the remainder when 13307 is divided by 153.
149
Calculate the remainder when 53 is divided by 30.
23
What is the remainder when 302 is divided by 17?
13
Calculate the remainder when 310 is divided by 28.
2
Calculate the remainder when 175 is divided by 30.
25
Calculate the remainder when 537 is divided by 145.
102
What is the remainder when 69 is divided by 34?
1
Calculate the remainder when 376 is divided by 14.
12
Calculate the remainder when 1105 is divided by 42.
13
What is the remainder when 2875 is divided by 359?
3
Calculate the remainder when 779 is divided by 39.
38
What is the remainder when 208 is divided by 49?
12
What is the remainder when 235 is divided by 48?
43
What is the remainder when 9641 is divided by 61?
3
Calculate the remainder when 339 is divided by 47.
10
What is the remainder when 196 is divided by 10?
6
Calculate the remainder when 2274 is divided by 25.
24
Calculate the remainder when 371 is divided by 4.
3
What is the remainder when 5730 is divided by 70?
60
What is the remainder when 1853 is divided by 29?
26
What is the remainder when 1494 is divided by 107?
103
Calculate the remainder when 206 is divided by 9.
8
Calculate the remainder when 21 is divided by 6.
3
Calculate the remainder when 3245 is divided by 21.
11
Calculate the remainder when 251 is divided by 11.
9
What is the remainder when 1022 is divided by 27?
23
Calculate the remainder when 305 is divided by 203.
102
Calculate the remainder when 1530 is divided by 55.
45
Calculate the remainder when 104 is divided by 18.
14
What is the remainder when 215 is divided by 209?
6
Calculate the remainder when 38 is divided by 2.
0
What is the remainder when 142 is divided by 45?
7
What is the remainder when 559 is divided by 17?
15
Calculate the remainder when 26 is divided by 15.
11
What is the remainder when 53 is divided by 53?
0
What is the remainder when 63 is divided by 4?
3
Calculate the remainder when 662 is divided by 78.
38
Calculate the remainder when 137 is divided by 10.
7
Calculate the remainder when 364 is divided by 46.
42
Calculate the remainder when 273 is divided by 11.
9
What is the remainder when 1061 is divided by 76?
73
What is the remainder when 924 is divided by 2?
0
What is the remainder when 768 is divided by 24?
0
What is the remainder when 8 is divided by 5?
3
What is the remainder when 212 is divided by 21?
2
Calculate the remainder when 1474 is divided by 7.
4
What is the remainder when 30 is divided by 21?
9
Calculate the remainder when 2982 is divided by 61.
54
What is the remainder when 728 is divided by 61?
57
What is the remainder when 509 is divided by 27?
23
Calculate the remainder when 4535 is divided by 89.
85
Calculate the remainder when 154 is divided by 23.
16
What is the remainder when 291 is divided by 8?
3
Calculate the remainder when 595 is divided by 152.
139
What is the remainder when 4577 is divided by 54?
41
What is the remainder when 66 is divided by 24?
18
What is the remainder when 2156 is divided by 312?
284
What is the remainder when 354 is divided by 109?
27
Calculate the remainder when 134 is divided by 75.
59
What is the remainder when 109 is divided by 24?
13
What is the remainder when 647 is divided by 50?
47
Calculate the remainder when 419 is divided by 139.
2
Calculate the remainder when 577 is divided by 58.
55
What is the remainder when 198 is divided by 65?
3
What is the remainder when 292 is divided by 77?
61
What is the remainder when 526 is divided by 54?
40
Calculate the remainder when 523 is divided by 23.
17
Calculate the remainder when 533 is divided by 19.
1
Calculate the remainder when 1162 is divided by 63.
28
What is the remainder when 1351 is divided by 68?
59
Calculate the remainder when 720 is divided by 38.
36
Calculate the remainder when 1603 is divided by 228.
7
Calculate the remainder when 415 is divided by 15.
10
Calculate the remainder when 411 is divided by 16.
11
Calculate the remainder when 516 is divided by 119.
40
Calculate the remainder when 201 is divided by 54.
39
Calculate the remainder when 114 is divided by 12.
6
Calculate the remainder when 1277 is divided by 79.
13
Calculate the remainder when 3280 is divided by 17.
16
Calculate the remainder when 531 is divided by 40.
11
What is the remainder when 7103 is divided by 34?
31
Calculate the remainder when 910 is divided by 228.
226
Calculate the remainder when 246 is divided by 23.
16
Calculate the remainder when 58 is divided by 2.
0
Calculate the remainder when 5421 is divided by 25.
21
Calculate the remainder when 33 is divided by 20.
13
What is the remainder when 1430 is divided by 553?
324
Calculate the remainder when 232 is divided by 49.
36
What is the remainder when 448 is divided by 65?
58
What is the remainder when 23441 is divided by 17?
15
Calculate the remainder when 322 is divided by 81.
79
What is the remainder when 63 is divided by 25?
13
What is the remainder when 3465 is divided by 139?
129
What is the remainder when 193 is divided by 82?
29
Calculate the remainder when 713 is divided by 17.
16
What is the remainder when 349 is divided by 82?
21
Calculate the remainder when 987 is divided by 70.
7
What is the remainder when 1440 is divided by 49?
19
Calculate the remainder when 149 is divided by 41.
26
What is the remainder when 1159 is divided by 68?
3
What is the remainder when 1741 is divided by 846?
49
Calculate the remainder when 238 is divided by 6.
4
What is the remainder when 346 is divided by 21?
10
What is the remainder when 352 is divided by 22?
0
Calculate the remainder when 311 is divided by 116.
79
What is the remainder when 1145 is divided by 266?
81
Calculate the remainder when 318 is divided by 23.
19
What is the remainder when 3381 is divided by 1689?
3
What is the remainder when 2422 is divided by 304?
294
Calculate the remainder when 605 is divided by 16.
13
What is the remainder when 499 is divided by 11?
4
What is the remainder when 208 is divided by 68?
4
What is the remainder when 3887 is divided by 195?
182
What is the remainder when 243 is divided by 49?
47
What is the remainder when 208 is divided by 25?
8
Calculate the remainder when 780 is divided by 83.
33
Calculate the remainder when 251 is divided by 118.
15
What is the remainder when 239 is divided by 26?
5
Calculate the remainder when 245 is divided by 51.
41
What is the remainder when 356 is divided by 19?
14
Calculate the remainder when 1924 is divided by 84.
76
What is the remainder when 110 is divided by 59?
51
Calculate the remainder when 169 is divided by 46.
31
What is the remainder when 252 is divided by 10?
2
What is the remainder when 345 is divided by 70?
65
Calculate the remainder when 229 is divided by 14.
5
What is the remainder when 393 is divided by 17?
2
Calculate the remainder when 22 is divided by 12.
10
What is the remainder when 288 is divided by 37?
29
Calculate the remainder when 597 is divided by 14.
9
What is the remainder when 207 is divided by 35?
32
Calculate the remainder when 869 is divided by 175.
169
What is the remainder when 248 is divided by 50?
48
Calculate the remainder when 74 is divided by 5.
4
What is the remainder when 313 is divided by 107?
99
Calculate the remainder when 922 is divided by 163.
107
Calculate the remainder when 221 is divided by 12.
5
Calculate the remainder when 566 is divided by 283.
0
What is the remainder when 614 is divided by 4?
2
What is the remainder when 157 is divided by 23?
19
Calculate the remainder when 19925 is divided by 212.
209
Calculate the remainder when 528 is divided by 95.
53
What is the remainder